05*x**2 + 87*x + 1421. Give d(101).
7
Let s(w) = -w**3 + 17*w**2 + 83*w + 3. What is s(21)?
-18
Let z(q) = -3*q**2 - 258*q - 5400. Calculate z(-36).
0
Let g(a) = 215*a - 1486. What is g(6)?
-196
Let s(o) = 15*o**3 + 39*o - 70. What is s(2)?
128
Let g(n) = -7*n**2 - 44*n + 373. Determine g(-11).
10
Let w(t) = -t**3 - 15*t**2 + 79*t + 7. Give w(-19).
-50
Let b(t) = -t**3 - 17*t**2 - 34*t - 951. What is b(-18)?
-15
Let o(p) = 6*p**2 + 158*p + 362. Give o(-24).
26
Let s(a) = a**2 + 6*a - 72. Determine s(6).
0
Let u(f) = -533*f + 4793. What is u(9)?
-4
Let p(r) = 245*r - 943. What is p(4)?
37
Let k(w) = -32*w**2 + 1185*w - 67. Give k(37).
-30
Let d(q) = -24*q - 14. What is d(8)?
-206
Let j(k) = k**3 - 45*k**2 + 9*k - 396. Give j(45).
9
Let u(p) = 5*p**2 + 126*p - 37. Calculate u(-31).
862
Let r(g) = -g**3 - 82*g**2 + 1463*g + 782. What is r(-97)?
6
Let y(g) = -28*g - 170. Determine y(12).
-506
Let t(c) = -c**2 + 266*c - 16994. What is t(159)?
19
Let d(h) = 273*h - 1379. Determine d(5).
-14
Let b(r) = 129*r + 1818. Calculate b(-14).
12
Let n(m) = -69*m - 1721. Calculate n(-25).
4
Let z(r) = -13*r**3 + 62*r**2 + 7*r + 31. Give z(5).
-9
Let m(y) = -3*y**3 + 47*y**2 + 45*y + 324. Determine m(17).
-67
Let l(r) = -r**2 + 5*r + 8. Determine l(6).
2
Let z(i) = -31*i**2 + 2*i + 15. What is z(-3)?
-270
Let s(m) = 106*m**2 - 35*m + 1. Determine s(2).
355
Let x(y) = y**3 - 42*y**2 - 50*y - 19. Calculate x(43).
-320
Let h(s) = -67*s + 22. Give h(2).
-112
Let o(h) = 24*h**2 - 120*h - 3. Calculate o(5).
-3
Let z(h) = 2*h**3 - 172*h**2 - 167*h - 612. Determine z(87).
-3
Let s(i) = -i**2 - 136*i + 1935. What is s(-149)?
-2
Let b(c) = -468*c + 1842. Calculate b(4).
-30
Let t(z) = -z**2 - 181*z - 689. Give t(-4).
19
Let x(h) = 8*h + 17. Calculate x(4).
49
Let j(f) = -5*f**2 - 125*f + 553. Give j(4).
-27
Let n(x) = -11*x**2 - 52*x - 3. Determine n(-4).
29
Let j(o) = -163*o - 1786. Calculate j(-11).
7
Let u(v) = v - 2. Give u(-5).
-7
Let y(q) = 3*q**3 - 33*q**2 - 30*q - 60. Determine y(12).
12
Let t(f) = 8*f**2 - 48*f - 72. Calculate t(7).
-16
Let v(x) = x**3 + 21*x**2 + 81*x + 41. Calculate v(-16).
25
Let y(t) = t**2 - 2*t - 127. What is y(-10)?
-7
Let r(s) = -108*s + 1782. Give r(18).
-162
Let k(n) = 6*n**2 + 86*n + 439. What is k(-13)?
335
Let d(g) = 11*g + 126. What is d(-7)?
49
Let x(d) = -d**3 + 41*d**2 + 39*d + 119. Give x(42).
-7
Let m(b) = -2*b**3 - 42*b**2 - 44*b + 20. Give m(-20).
100
Let t(g) = 33*g**3 + 5*g**2 - 4. Give t(-1).
-32
Let q(x) = 12*x**3 + 4*x**2 + 3*x - 2. Calculate q(-1).
-13
Let v(h) = -5*h - 18. Calculate v(-1).
-13
Let w(i) = -17*i + 4. Give w(-2).
38
Let x(j) = j**2 - 2*j - 161. Calculate x(-12).
7
Let d(t) = -4*t**3 + t**2 + 8*t - 13. Give d(-3).
80
Let w(x) = 3*x**3 - 25*x**2 - 223*x + 1850. Calculate w(8).
2
Let h(n) = 83*n**2 + 47*n - 31. Calculate h(-3).
575
Let i(x) = x**3 - 12*x**2 - 10*x + 50. Determine i(12).
-70
Let d(m) = -m**2 + m + 257. Determine d(21).
-163
Let p(c) = 34*c**3 + c**2 - 2*c - 6. Give p(-2).
-270
Let j(q) = -7*q**2 - 13*q - 6. Determine j(-2).
-8
Let p(z) = -32*z - 113. Give p(-7).
111
Let g(d) = -d**3 + 54*d**2 - 102*d - 78. Calculate g(52).
26
Let b(z) = -z**2 + 60*z + 130. Calculate b(63).
-59
Let d(u) = -u**3 + 14*u**2 - 8*u - 319. What is d(10)?
1
Let p(n) = -29*n + 1083. Determine p(22).
445
Let u(l) = -l**2 - 188*l - 8472. Give u(-113).
3
Let z(f) = 3*f**3 - 17*f**2 - f + 50. Give z(5).
-5
Let n(g) = -2*g**2 + 16*g + 4. Determine n(11).
-62
Let v(d) = 83*d - 10718. Determine v(129).
-11
Let p(z) = -4*z**3 - 29*z**2 - 11*z + 60. Give p(-7).
88
Let y(k) = k**3 - 3*k**2 - 6*k - 3. Give y(5).
17
Let l(n) = -4*n**2 - 73*n + 139. Calculate l(2).
-23
Let j(b) = -20*b**3 + 2*b**2 - 4*b + 3. Determine j(1).
-19
Let f(w) = 12*w**2 - 140*w - 78. Calculate f(12).
-30
Let y(d) = -26*d - 19. Calculate y(8).
-227
Let o(f) = 290*f + 1376. What is o(-5)?
-74
Let z(n) = -n**3 - 5*n**2 + 4*n + 6. What is z(-4)?
-26
Let p(q) = -214*q + 5. Give p(0).
5
Let y(q) = -q**2 - 436*q - 2993. Calculate y(-7).
10
Let j(k) = -k - 51. What is j(-24)?
-27
Let t(j) = j**2 - 21*j + 74. Give t(24).
146
Let m(w) = -w**2 - 46*w - 230. What is m(-10)?
130
Let b(x) = -x**3 + 12*x**2 - 12*x + 8. Determine b(11).
-3
Let v(k) = k**3 + 84*k**2 + 984*k + 222. Give v(-70).
-58
Let g(t) = 13*t + 431. Give g(-32).
15
Let h(x) = -12389*x - 61939. Give h(-5).
6
Let j(n) = n**2 + 124*n - 901. What is j(7)?
16
Let v(y) = -y**3 + 14*y**2 - 31*y - 5. Calculate v(13).
-239
Let q(m) = 2*m**3 + 1435*m**2 + 4300*m + 5. Determine q(-3).
-34
Let c(m) = -m**3 + 131*m**2 - 864*m - 4. What is c(7)?
24
Let r(g) = g**2 + 213*g - 2686. Determine r(12).
14
Let x(w) = 4*w**3 + 104*w**2 + 274*w - 42. Determine x(-23).
4
Let i(j) = j**3 - 33*j**2 - 73*j - 141. What is i(35)?
-246
Let d(a) = a**2 + 22*a - 261. Determine d(-31).
18
Let p(m) = -109*m**2 - 34*m + 65. Give p(2).
-439
Let q(h) = 16*h**2 - 31*h - 57. Calculate q(-2).
69
Let t(b) = 4*b**2 - 114*b + 500. What is t(19)?
-222
Let d(l) = l**2 - 8*l - 5. What is d(-6)?
79
Let p(v) = -147*v - 2157. Determine p(-18).
489
Let g(m) = 172*m - 11004. What is g(64)?
4
Let r(q) = -17616*q + 35209. Calculate r(2).
-23
Let t(n) = 18*n**2 + 131*n - 17. Give t(-7).
-52
Let v(g) = g**3 + 9*g**2 - 6*g + 12. Determine v(-10).
-28
Let z(c) = -c**3 - 50*c**2 - 141*c - 34. Calculate z(-47).
-34
Let v(c) = -c**2 - 23*c + 58. Calculate v(4).
-50
Let y(d) = -10*d**3 + 13*d**2 - 5*d - 7. What is y(2)?
-45
Let g(x) = -7*x**2 + 32*x + 188. What is g(8)?
-4
Let b(j) = j**2 + 37*j + 21. Give b(-34).
-81
Let t(n) = -22*n + 626. Calculate t(28).
10
Let o(n) = -128*n - 518. Give o(-4).
-6
Let f(v) = 11*v**2 - 79*v + 121. Give f(5).
1
Let h(s) = -s**2 + 5*s + 1976. Give h(47).
2
Let r(d) = -d**3 + 51*d**2 - 352*d + 15097. Give r(50).
-3
Let b(c) = -3*c**2 + 42*c + 87. What is b(16)?
-9
Let y(m) = -3*m - 73. What is y(-22)?
-7
Let z(c) = -c**2 - 42*c + 1346. Calculate z(-64).
-62
Let q(u) = 12*u - 603. Give q(7).
-519
Let d(h) = 35*h - 10. Give d(0).
-10
Let b(f) = -58*f**2 + 522*f - 1. What is b(9)?
-1
Let w(b) = 33*b**3 + 2*b**2 + 9*b + 8. Give w(-1).
-32
Let u(z) = -26*z + 113. Calculate u(8).
-95
Let d(p) = 2*p**3 - 33*p**2 - 4*p + 195. Calculate d(17).
416
Let v(x) = 6*x**2 - 223*x - 5029. Give v(53).
6
Let c(j) = -j**3 + 7*j**2 + 75*j + 42. Calculate c(13).
3
Let x(w) = w**2 + 81*w + 9. Give x(-81).
9
Let u(z) = z**3 + 11*z**2 + 13*z - 18. Determine u(-9).
27
Let m(w) = -1220*w + 218384. Determine m(179).
4
Let w(x) = -x**3 + 139*x**2 + 568*x + 7. Calculate w(-4).
23
Let b(y) = 214*y + 3379. What is b(-16)?
-45
Let q(l) = 503*l - 3595. Determine q(7).
-74
Let k(q) = -q**3 - 9*q**2 - 10*q - 6. What is k(-7)?
-34
Let i(t) = -23*t**2 - 647*t - 55. Determine i(-28).
29
Let u(o) = 58*o - 525. What is u(9)?
-3
Let c(r) = -368*r - 47831. What is c(-130)?
9
Let l(d) = -d**3 - 10*d**2 - 25*d + 2. Give l(-6).
8
Let i(o) = 10*o**2 - 2059*o + 1848. Determine i(205).
3
Let g(w) = 2*w**3 + 55*w**2 - 94*w - 208. Give g(-29).
-5
Let g(a) = 6*a - 352. Calculate g(9).
-298
Let v(f) = 174*f + 319. What is v(4)?
1015
Let l(z) = -16*z**2 + 162*z - 35. Calculate l(10).
-15
Let f(w) = w**2 + 40*w - 228. What is f(6)?
48
Let y(i) = -i + 248. Calculate y(-18).
266
Let h(s) = 16*s - 818. Determine h(47).
-66
Let g(h) = h**2 + 14*h + 15. What is g(-20)?
135
Let p(c) = -c**2 - 132*c - 2516. Calculate p(-109).
-9
Let i(j) = 186*j**2 - 2044*j - 33. What is i(11)?
-11
Let d(x) = 7*x**3 + 30*x**2 + 7*x + 10. Determine d(-5).
-150
Let r(s) = -6*s**3 - 2*s - 14. Give r(3).
-182
Let t(z) = -3*z**2 + 47*z + 151. What is t(-3)?
-17
Let d(n) = -31*n - 126. What is d(5)?
-281
Let l(w) = w**3 - 49*w**2 + 91*w + 183. Give l(47).
42
Let z(t) = t**3 + 13*t**2 + 26*t - 20. Calculate z(-10).
20
Let q(c) = c**3 + 25*c**2 - 239*c - 480. Determine q(-32).
0
Let k(l) = -l**3 + 41*l**2 - 46*l + 297. Determine k(40).
57
Let g(u) = -u + 24. Give g(-8).
32
Let q(v) = 25*v + 956. What is q(-39)?
-19
Let l(i) = -i**2 - 16*i + 144. What is l(-23)?
-17
Let n(w) = 535*w - 3739. Calculate n(7).
6
Let d(v) = 6*v**3 - 6*v**2 - 61*v - 223. Calculate d(-4).
-459
Let t(g) = 81*g + 435. What is t(-5)?
30
Let r(z) = -z**3 + 66*z**2 + 346*z + 652. Give r(71).
13
Let f(o) = 2*o**2 + 3854*o + 26874. Give f